{"id":1211,"date":"2024-12-10T15:25:50","date_gmt":"2024-12-10T15:25:50","guid":{"rendered":"https:\/\/engenharia3h.com.br\/web\/?page_id=1211"},"modified":"2024-12-19T17:33:10","modified_gmt":"2024-12-19T17:33:10","slug":"servicos","status":"publish","type":"page","link":"https:\/\/engenharia3h.com.br\/web\/servicos\/","title":{"rendered":"Servi\u00e7os"},"content":{"rendered":"<h1>Servi\u00e7os<\/h1>\n<p>\u00a0<\/p>\n<ul>\n<li>Topografia<\/li>\n<li>Levantamento topogr\u00e1fico<\/li>\n<li>projeto cadastral<\/li>\n<li>Levantamento planim\u00e9trico<\/li>\n<li>Regulariza\u00e7\u00e3o de im\u00f3vel rural<\/li>\n<li>Levantamento Planialtim\u00e9trico<\/li>\n<li>Projeto de retifica\u00e7\u00e3o de matr\u00edcula<\/li>\n<li>Georreferenciamento<\/li>\n<li>Levantamento georreferenciado<\/li>\n<li>Projeto de desmembramento<\/li>\n<li>Certifica\u00e7\u00e3o INCRA\/SIGEF<\/li>\n<li>Projeto de usucapi\u00e3o<\/li>\n<li>Cadastramento ambiental rural &#8211; CAR<\/li>\n<li>Projeto de APP e reserva legal<\/li>\n<li>Geoprocessamento<\/li>\n<li>Projeto e loca\u00e7\u00e3o de curva de n\u00edvel<\/li>\n<li>Servi\u00e7os topogr\u00e1ficos em geral<\/li>\n<\/ul>\n<p>\u00a0<\/p>\n<p><strong>Vantagens de ter o seu IM\u00d3VEL RURAL regularizado!<\/strong><\/p>\n<ul>\n<li>Valoriza\u00e7\u00e3o do im\u00f3vel em at\u00e9 35% do valor de mercado<\/li>\n<li>Venda imediata do im\u00f3vel, n\u00e3o dependendo de processos preliminares<\/li>\n<li>Possibilidade de financiamento do im\u00f3vel no momento da venda<\/li>\n<li>Ter o registro da propriedade em seu nome<\/li>\n<li>Tranquilidade patrimonial<\/li>\n<\/ul>\n\n\n<p><\/p>\n","protected":false},"excerpt":{"rendered":"<p>Servi\u00e7os \u00a0 Topografia Levantamento topogr\u00e1fico projeto cadastral Levantamento planim\u00e9trico Regulariza\u00e7\u00e3o de im\u00f3vel rural Levantamento Planialtim\u00e9trico Projeto de retifica\u00e7\u00e3o de matr\u00edcula Georreferenciamento Levantamento georreferenciado Projeto de desmembramento Certifica\u00e7\u00e3o INCRA\/SIGEF Projeto de usucapi\u00e3o Cadastramento ambiental rural &#8211; CAR Projeto de APP e reserva legal Geoprocessamento Projeto e loca\u00e7\u00e3o de curva de n\u00edvel Servi\u00e7os topogr\u00e1ficos em geral \u00a0 &hellip;<\/p>\n","protected":false},"author":1,"featured_media":0,"parent":0,"menu_order":0,"comment_status":"closed","ping_status":"closed","template":"","meta":[],"_links":{"self":[{"href":"https:\/\/engenharia3h.com.br\/web\/wp-json\/wp\/v2\/pages\/1211"}],"collection":[{"href":"https:\/\/engenharia3h.com.br\/web\/wp-json\/wp\/v2\/pages"}],"about":[{"href":"https:\/\/engenharia3h.com.br\/web\/wp-json\/wp\/v2\/types\/page"}],"author":[{"embeddable":true,"href":"https:\/\/engenharia3h.com.br\/web\/wp-json\/wp\/v2\/users\/1"}],"replies":[{"embeddable":true,"href":"https:\/\/engenharia3h.com.br\/web\/wp-json\/wp\/v2\/comments?post=1211"}],"version-history":[{"count":8,"href":"https:\/\/engenharia3h.com.br\/web\/wp-json\/wp\/v2\/pages\/1211\/revisions"}],"predecessor-version":[{"id":1294,"href":"https:\/\/engenharia3h.com.br\/web\/wp-json\/wp\/v2\/pages\/1211\/revisions\/1294"}],"wp:attachment":[{"href":"https:\/\/engenharia3h.com.br\/web\/wp-json\/wp\/v2\/media?parent=1211"}],"curies":[{"name":"wp","href":"https:\/\/api.w.org\/{rel}","templated":true}]}}